factors of 1098745?
5, 219749
What are the prime factors of 4689658?
2, 239, 9811
List the prime factors of 3646111.
7, 167, 3119
List the prime factors of 9289588.
2, 7, 11, 30161
What are the prime factors of 529583?
653, 811
What are the prime factors of 7029758?
2, 3514879
What are the prime factors of 12554722?
2, 6277361
List the prime factors of 322815.
3, 5, 21521
List the prime factors of 8776106.
2, 1811, 2423
What are the prime factors of 1195115?
5, 239023
List the prime factors of 135860.
2, 5, 6793
What are the prime factors of 80179?
11, 37, 197
List the prime factors of 1884666.
2, 3, 7, 23, 1951
List the prime factors of 369427.
17, 31, 701
List the prime factors of 442038.
2, 3, 73673
What are the prime factors of 100786?
2, 7, 23, 313
What are the prime factors of 22950?
2, 3, 5, 17
What are the prime factors of 71592?
2, 3, 19, 157
List the prime factors of 66061.
31, 2131
What are the prime factors of 3186632?
2, 379, 1051
List the prime factors of 353371.
97, 3643
What are the prime factors of 7391541?
3, 211, 11677
List the prime factors of 14097493.
14097493
What are the prime factors of 342726?
2, 3, 239
What are the prime factors of 41253619?
11, 340939
What are the prime factors of 8877853?
41, 223, 971
What are the prime factors of 648645?
3, 5, 83, 521
What are the prime factors of 9136203?
3, 103, 29567
What are the prime factors of 1292218?
2, 47, 59, 233
What are the prime factors of 40232?
2, 47, 107
List the prime factors of 5207116.
2, 1301779
What are the prime factors of 19215759?
3, 419, 15287
List the prime factors of 5754524.
2, 1163, 1237
What are the prime factors of 43415?
5, 19, 457
What are the prime factors of 562763?
562763
List the prime factors of 1212100.
2, 5, 17, 23, 31
What are the prime factors of 34913?
34913
List the prime factors of 267462.
2, 3, 13, 127
What are the prime factors of 1154059?
61, 18919
What are the prime factors of 10675?
5, 7, 61
List the prime factors of 48008.
2, 17, 353
What are the prime factors of 10284181?
43, 239167
What are the prime factors of 1135967?
7, 97, 239
List the prime factors of 856962.
2, 3, 47609
What are the prime factors of 3390780?
2, 3, 5, 31, 1823
List the prime factors of 4412589.
3, 101, 14563
List the prime factors of 690080.
2, 5, 19, 227
List the prime factors of 36650980.
2, 5, 17, 373
List the prime factors of 2990230.
2, 5, 23, 13001
What are the prime factors of 73278?
2, 3, 23, 59
What are the prime factors of 3772690?
2, 5, 23, 47, 349
What are the prime factors of 21458?
2, 10729
List the prime factors of 16736722.
2, 8368361
List the prime factors of 3844601.
17, 139, 1627
What are the prime factors of 3078858?
2, 3, 31, 16553
What are the prime factors of 1123717?
7, 17, 19, 71
List the prime factors of 1849622.
2, 924811
What are the prime factors of 361660?
2, 5, 13, 107
List the prime factors of 97758.
2, 3, 5431
List the prime factors of 6565697.
19, 59, 5857
What are the prime factors of 426102?
2, 3, 47, 1511
What are the prime factors of 950204?
2, 139, 1709
List the prime factors of 18157354.
2, 1319, 6883
List the prime factors of 165126.
2, 3, 13, 29, 73
List the prime factors of 5537384.
2, 173, 4001
List the prime factors of 506704.
2, 11, 2879
List the prime factors of 5512836.
2, 3, 7, 65629
List the prime factors of 993022.
2, 496511
What are the prime factors of 13140902?
2, 6570451
List the prime factors of 942823.
7, 367
What are the prime factors of 3775438?
2, 1887719
What are the prime factors of 36278?
2, 11, 17, 97
What are the prime factors of 49933?
13, 23, 167
List the prime factors of 23599492.
2, 7, 107, 7877
List the prime factors of 2860738.
2, 211, 6779
List the prime factors of 27546.
2, 3, 4591
List the prime factors of 1930717.
109, 17713
List the prime factors of 2782480.
2, 5, 34781
List the prime factors of 900734.
2, 450367
List the prime factors of 11707701.
3, 103, 37889
What are the prime factors of 9718896?
2, 3, 11, 79, 233
What are the prime factors of 650041?
7, 92863
List the prime factors of 378958.
2, 189479
What are the prime factors of 3422334?
2, 3, 570389
What are the prime factors of 348933?
3, 13, 23, 389
List the prime factors of 11037506.
2, 83, 66491
What are the prime factors of 148914?
2, 3, 8273
List the prime factors of 4347614.
2, 17, 71, 1801
What are the prime factors of 606156?
2, 3, 50513
List the prime factors of 150760.
2, 5, 3769
List the prime factors of 497820.
2, 3, 5, 8297
What are the prime factors of 5429856?
2, 3, 163, 347
List the prime factors of 1049667.
3, 73, 4793
What are the prime factors of 3755562?
2, 3, 625927
List the prime factors of 863740.
2, 5, 19, 2273
List the prime factors of 10654427.
7, 17, 89533
What are the prime factors of 8155575?
3, 5, 67, 541
What are the prime factors of 21493965?
3, 5, 1432931
What are the prime factors of 273797?
273797
What are the prime factors of 20461111?
11, 37, 50273
What are the prime factors of 4650835?
5, 7, 41, 463
What are the prime factors of 34302039?
3, 17, 23, 29243
What are the prime factors of 2388982?
2, 103, 11597
What are the prime factors of 156048?
2, 3, 3251
What are the prime factors of 36635187?
3, 17, 718337
What are the prime factors of 2421274?
2, 1210637
What are the prime factors of 82215?
3, 5, 7, 29
What are the prime factors of 968565?
3, 5, 13, 4967
What are the prime factors of 3967866?
2, 3, 7, 3499
What are the prime factors of 1626304?
2, 25411
What are the prime factors of 7023462?
2, 3, 71, 16487
List the prime factors of 278557.
278557
List the prime factors of 926143.
17, 157, 347
List the prime factors of 1110774.
2, 3, 7, 53, 499
What are the prime factors of 17363439?
3, 1929271
List the prime factors of 275676.
2, 3, 22973
List the prime factors of 17465961.
3, 37, 157351
What are the prime factors of 893556?
2, 3, 24821
What are the prime factors of 174123?
3, 6449
List the prime factors of 1657098.
2, 3, 53, 193
List the prime factors of 3260640.
2, 3, 5, 6793
List the prime factors of 216841.
216841
What are the prime factors of 4134173?
827, 4999
What are the prime factors of 865875?
3, 5, 2309
What are the prime factors of 581616?
2, 3, 7, 577
What are the prime factors of 319758?
2, 3, 137, 389
What are the prime factors of 18007166?
2, 9003583
List the prime factors of 1127324.
2, 11, 25621
What are the prime factors of 58918?
2, 89, 331
What are the prime factors of 4480875?
3, 5, 7, 569
What are the prime factors of 810858?
2, 3, 149, 907
What are the prime factors of 4609185?
3, 5, 7, 6271
What are the prime factors of 12378395?
5, 2475679
List the prime factors of 1140020.
2, 5, 7, 17, 479
What are the prime factors of 7633600?
2, 5, 13, 367
List the prime factors of 1240470.
2, 3, 5, 7, 11, 179
List the prime factors of 1153434.
2, 3, 192239
What are the prime factors of 1141333?
83, 13751
List the prime factors of 1213621.
29, 41849
List the prime factors of 131517.
3, 4871
What are the prime factors of 4267322?
2, 191, 11171
What are the prime factors of 1602048?
2, 3, 7, 149
What are the prime factors of 4239025?
5, 7, 24223
List the prime factors of 138676.
2, 37, 937
What are the prime factors of 328787?
328787
List the prime factors of 175725.
3, 5, 11, 71
List the prime factors of 4277547.
3, 475283
List the prime factors of 68370.
2, 3, 5, 43, 53
List the prime factors of 5158920.
2, 3, 5, 13, 3307
What are the prime factors of 1203983?
11, 109453
What are the prime factors of 26699621?
13, 71, 28927
List the prime factors of 120751.
17, 7103
What are the prime factors of 184385?
5, 36877
List the prime factors of 9344778.
2, 3, 103, 15121
List the prime factors of 13831316.
2, 19, 127, 1433
What are the prime factors of 282769?
282769
List the prime factors of 174116.
2, 19, 29, 79
What are the prime factors of 32416?
2, 1013
What are the prime factors of 2884244?
2, 11, 65551
What are the prime factors of 1654718?
2, 13, 31, 2053
List the prime factors of 11990818.
2, 7, 856487
What are the prime factors of 8087921?
8087921
List the prime factors of 142899.
3, 19, 23, 109
What are the prime factors of 58555?
5, 7, 239
List the prime factors of 2599000.
2, 5, 23, 113
List the prime factors of 333829.
17, 73, 269
List the prime factors of 32